{"id":5398,"date":"2025-08-10T15:50:38","date_gmt":"2025-08-10T15:50:38","guid":{"rendered":"https:\/\/delkarin.com\/site\/?post_type=product&#038;p=5398"},"modified":"2025-08-10T15:57:22","modified_gmt":"2025-08-10T15:57:22","slug":"torta-fria-de-guanabana","status":"publish","type":"product","link":"https:\/\/delkarin.com\/site\/index.php\/product\/torta-fria-de-guanabana\/","title":{"rendered":"Torta Fr\u00eda de Guan\u00e1bana"},"content":{"rendered":"","protected":false},"excerpt":{"rendered":"<p>Torta Fr\u00eda de Guan\u00e1bana: Un postre ligero y refrescante. Bizcocho ba\u00f1ado en jugo de guan\u00e1bana con una mousse cremosa de la fruta. El sabor ex\u00f3tico que necesitas para refrescarte.<\/p>\n<div>Solicita m\u00e1s Informaci\u00f3n<\/div>\n\n<div class=\"wpcf7 no-js\" id=\"wpcf7-f5399-o1\" lang=\"es-ES\" dir=\"ltr\">\n<div class=\"screen-reader-response\"><p role=\"status\" aria-live=\"polite\" aria-atomic=\"true\"><\/p> <ul><\/ul><\/div>\n<form action=\"\/site\/index.php\/wp-json\/wp\/v2\/product\/5398#wpcf7-f5399-o1\" method=\"post\" class=\"wpcf7-form init\" aria-label=\"Formulario de contacto\" novalidate=\"novalidate\" data-status=\"init\">\n<div style=\"display: none;\">\n<input type=\"hidden\" name=\"_wpcf7\" value=\"5399\" \/>\n<input type=\"hidden\" name=\"_wpcf7_version\" value=\"5.8.4\" \/>\n<input type=\"hidden\" name=\"_wpcf7_locale\" value=\"es_ES\" \/>\n<input type=\"hidden\" name=\"_wpcf7_unit_tag\" value=\"wpcf7-f5399-o1\" \/>\n<input type=\"hidden\" name=\"_wpcf7_container_post\" value=\"0\" \/>\n<input type=\"hidden\" name=\"_wpcf7_posted_data_hash\" value=\"\" \/>\n<\/div>\n<p><label> Tu nombre<br \/>\n<span class=\"wpcf7-form-control-wrap\" data-name=\"your-name\"><input size=\"40\" class=\"wpcf7-form-control wpcf7-text wpcf7-validates-as-required\" autocomplete=\"name\" aria-required=\"true\" aria-invalid=\"false\" value=\"\" type=\"text\" name=\"your-name\" \/><\/span> <\/label>\n<\/p>\n<p><label> Tu correo electr\u00f3nico<br \/>\n<span class=\"wpcf7-form-control-wrap\" data-name=\"your-email\"><input size=\"40\" class=\"wpcf7-form-control wpcf7-email wpcf7-validates-as-required wpcf7-text wpcf7-validates-as-email\" autocomplete=\"email\" aria-required=\"true\" aria-invalid=\"false\" value=\"\" type=\"email\" name=\"your-email\" \/><\/span> <\/label>\n<\/p>\n<p><label> Torta<br \/>\n<span class=\"wpcf7-form-control-wrap\" data-name=\"arbol-pro\"><select class=\"wpcf7-form-control wpcf7-select\" aria-invalid=\"false\" name=\"arbol-pro\"><option value=\"Torta Fr\u00eda de Guan\u00e1bana\">Torta Fr\u00eda de Guan\u00e1bana<\/option><\/select><\/span><\/label>\n<\/p>\n<p><label> Tama\u00f1o<br \/>\n<span class=\"wpcf7-form-control-wrap\" data-name=\"arbol-pro-tam\"><select class=\"wpcf7-form-control wpcf7-select\" aria-invalid=\"false\" name=\"arbol-pro-tam\"><option value=\"15 a 20 personas\">15 a 20 personas<\/option><option value=\"20 a 25 personas\">20 a 25 personas<\/option><\/select><\/span><\/label>\n<\/p>\n<p><label> Tu mensaje (opcional)<br \/>\n<span class=\"wpcf7-form-control-wrap\" data-name=\"tumensaje\"><input size=\"40\" class=\"wpcf7-form-control wpcf7-text\" aria-invalid=\"false\" value=\"\" type=\"text\" name=\"tumensaje\" \/><\/span> <\/label>\n<\/p>\n<p><input class=\"wpcf7-form-control wpcf7-submit has-spinner\" type=\"submit\" value=\"Enviar\" \/>\n<\/p><div class=\"wpcf7-response-output\" aria-hidden=\"true\"><\/div>\n<\/form>\n<\/div>\n\n","protected":false},"featured_media":5400,"template":"","meta":[],"product_cat":[15],"product_tag":[],"_links":{"self":[{"href":"https:\/\/delkarin.com\/site\/index.php\/wp-json\/wp\/v2\/product\/5398"}],"collection":[{"href":"https:\/\/delkarin.com\/site\/index.php\/wp-json\/wp\/v2\/product"}],"about":[{"href":"https:\/\/delkarin.com\/site\/index.php\/wp-json\/wp\/v2\/types\/product"}],"wp:featuredmedia":[{"embeddable":true,"href":"https:\/\/delkarin.com\/site\/index.php\/wp-json\/wp\/v2\/media\/5400"}],"wp:attachment":[{"href":"https:\/\/delkarin.com\/site\/index.php\/wp-json\/wp\/v2\/media?parent=5398"}],"wp:term":[{"taxonomy":"product_cat","embeddable":true,"href":"https:\/\/delkarin.com\/site\/index.php\/wp-json\/wp\/v2\/product_cat?post=5398"},{"taxonomy":"product_tag","embeddable":true,"href":"https:\/\/delkarin.com\/site\/index.php\/wp-json\/wp\/v2\/product_tag?post=5398"}],"curies":[{"name":"wp","href":"https:\/\/api.w.org\/{rel}","templated":true}]}}